- -1) - (2 - 1)
-2
Calculate -2 - (-5 + 0 + 0).
3
What is the value of 6 + (-22 - -10) + 1?
-5
1 - (0 + -1) - (19 + -15)
-2
(-5 - -8) + -11 + (-2 - -8)
-2
What is the value of (-8 - -5) + (1 - -3) + -2?
-1
Calculate 9 + 13 + -21 + 8 + -1.
8
What is the value of 5 - 1 - (4 - 8 - -7)?
1
Evaluate 16 + -25 + (-3 + 0 - -6).
-6
Evaluate 2 + -9 + 4 - (-2 - -1).
-2
Evaluate 9 - 9 - (-5 + 1).
4
What is the value of 0 + (2 - 3) + 0?
-1
Calculate -4 - (0 - (1 + -2 + 1)).
-4
What is -1 + -9 + 16 + -6?
0
Calculate (-8 - (4 - 11)) + 6.
5
Evaluate (1 - 8) + 5 + -2 + 6.
2
Calculate (0 - -11) + 1 + -13.
-1
Calculate -15 + (-1 - 1) - (6 + -14).
-9
What is the value of 16 + -7 - (-4 - -19)?
-6
Evaluate -7 + (11 - 21 - -11).
-6
Calculate 3 - (3 + 3 + 0).
-3
Calculate (-154 - -160) + 1 + 1 + -7.
1
What is -1 + -1 + -10 + 16 + -5?
-1
Calculate 0 + 1 - (11 + -9).
-1
What is the value of 8 + -1 - (227 + -229)?
9
What is 2 + 0 + -1 + 3 + -10?
-6
What is the value of 0 + 4 + -2 + 5 + -5?
2
Evaluate 73 + -72 - (0 + -5).
6
Calculate -6 + 2 - (0 + 0).
-4
Evaluate 1 + 1 + (0 - 0 - 1).
1
3 + (5 + -9 - -2 - -3)
4
What is 79 + -78 - (2 + (0 - 6))?
5
Evaluate 4 + -2 + -4 + -4 + 2.
-4
What is the value of 32 + -35 - (7 + 0 + 0)?
-10
Evaluate -1 + (1 - (2 - -3 - -3)).
-8
Evaluate -3 - (0 - (14 + -6)).
5
What is the value of (-3 - -2) + 3 + -6?
-4
What is 3 + (4 - -2) + -9?
0
What is the value of -7 + (8 - 6 - -4) + 1?
0
What is the value of 3 + (2 - (0 - 1 - -3))?
3
What is 1 + -11 - (15 - 19)?
-6
What is 10 + (8 - 9) - 18?
-9
Calculate 8 - (6 + 11 - 4).
-5
Evaluate 7 - (-9 + 20 - 4).
0
Evaluate (2 - 0) + 5 + -1.
6
Calculate (1 - 0) + (-5 - 5 - -6).
-3
What is -20 + (-3 + 0 - -16)?
-7
Calculate 6 - 0 - 3 - 3.
0
Evaluate -6 - ((0 - -1) + -13) - 6.
0
What is -3 - ((-4 + 2 - -7) + -9)?
1
Calculate -22 + (-12 - -27) - (-16 + 1).
8
What is the value of -5 - 1 - (-8 + 6)?
-4
13 + -3 + -1 + -4
5
What is -1 - (0 + (1 + -2 - 1))?
1
What is (6 - -3) + (2 + 1 - 6)?
6
-4 + 4 + 0 - (5 - 0)
-5
What is the value of -3 - (4 + 1 - (9 + 2))?
3
Evaluate 1 + (-4 - 0) + -3 - -2.
-4
What is (1 - 4) + -5 + (9 - -3)?
4
6 - ((-14 + 7 - -12) + -5)
6
What is the value of (9 + -3 - 3) + -7?
-4
What is -10 - (2 + -5 - -3) - -5?
-5
-12 - -8 - -3 - -8
7
Evaluate -14 + (5 + -7 - -7) + 2.
-7
What is the value of 7 - (7 + 0 - -4)?
-4
Calculate 0 - (3 - 2) - 5.
-6
Evaluate (-1 - 2) + -3 + 6 - 1.
-1
Calculate 3 + -13 + 1 + 1.
-8
Calculate 28 + -34 - (-2 - 3).
-1
What is (-72 - -65) + -2 + (-2 - -7)?
-4
What is the value of -2 + 3 + -5 + 1?
-3
-2 + (0 + -13 - -7) + 6
-2
What is the value of -36 + 40 - (0 + -1 + 0)?
5
Calculate (2 - 6) + 2 + 0 + 0.
-2
Evaluate 0 + 0 + 0 + -8 - -4.
-4
Evaluate -1 + 4 + (0 - -2).
5
What is the value of -4 - ((0 - -1 - 0) + 1)?
-6
Evaluate -7 - (1 - (-1 + 0 + -1)).
-10
What is -2 - -1 - (12 + -2 - 5)?
-6
Calculate 1 + (-4 - -2) - -1.
0
Calculate (5 - -2 - 4) + (2 - 7).
-2
Evaluate 1 + 3 + 0 + (-11 - -1).
-6
What is 10 + (5 - 11) + 1?
5
Evaluate (1 - -1) + -2 - 3.
-3
-1 - (2 + (3 - 1) - 0)
-5
What is the value of (1 - 4) + 13 + -5?
5
7 + 1 + -6 - -4 - 15
-9
Calculate 10 + -8 + (2 - 2) + -5.
-3
What is 7 - (5 - -1 - 2) - 2?
1
3 + (2 - 5) + -2
-2
Calculate 7 + -2 + -1 + -1 + 5.
8
What is the value of 7 - (-8 - -8 - -5)?
2
What is the value of 96 + -107 + (4 - -1)?
-6
1 - (0 + 2 - (9 - 13))
-5
(2 + 4 - 5) + -2
-1
Calculate -1 + 6 + 1 - 1.
5
What is (1 - 3 - 10) + 11?
-1
Calculate -6 - (4 - (9 - -1)).
0
Calculate 0 - (-1 + -6) - 14.
-7
What is the value of -1 - (7 + (-6 - -2))?
-4
Calculate (-7 + 1 - (-4 + 3)) + 2.
-3
What is 0 - -1 - (-9 - (1 - 7))?
4
What is the value of 6 + -5 + 4 - 10?
-5
Evaluate -5 - (2 - 5 - -3).
-5
Calculate 1 - (1 - (4 + 1 - 0)).
5
What is the value of -4 + 4 + -7 + (0 - -2)?
-5
(-17 - -6) + (1 - -11)
1
Calculate 3 + 1 - (-9 - -7 - -7).
-1
Evaluate 8 + (5 - -1) + -4 + -3.
7
Evaluate 4 + (-6 - (-3 - -2)).
-1
Evaluate -3 + 2 + -2 - 0 - -6.
3
Calculate 1 - ((-3 - (4 - 6)) + 5).
-3
What is the value of (0 - (-4 - -10)) + 2?
-4
-2 - ((5 - 0 - 4) + -2)
-1
What is the value of (7 - (-2 + (5 - -3))) + -11?
-10
Calculate 4 - (-1 + 4 - (11 - 7)).
5
Calculate 1 + 0 + -5 - (-23 + 24).
-5
Calculate (0 - -5) + -29 + 21.
-3
Evaluate -73 + 79 - (1 + 0).
5
What is -7 - -1 - (33 + -39)?
0
Calculate -12 - -9 - (0 + -3) - 3.
-3
9 - (-2 - -1 - -10)
0
(2 - (-1 - -5)) + -1 + 8
5
Evaluate (-16 - 2) + (-14 + -3 - -26).
-9
-6 + 2 - (-4 + 3)
-3
Evaluate -5 - (5 - 9 - -3).
-4
Evaluate 2 + 5 + (2 - 18) + 6.
-3
Evaluate -6 - (3 + (0 - 6)).
-3
Evaluate (-4 + -1 - (23 - 26)) + 5.
3
What is -6 + 0 + (0 - -5)?
-1
Evaluate 2 + 4 + (4 - (8 + 1)).
1
What is -3 + -3 + 2 - -6?
2
-3 + ((-5 - -3) + 1 - -6)
2
Calculate 1 - -1 - -2 - 0.
4
What is (-1 - 1) + 9 + -3 + 1?
5
What is the value of -1 + (-15 - (-1 + -6))?
-9
Calculate 14 + (-8 - (16 - 12)).
2
Calculate -2 + -1 - (4 + -9).
2
What is the value of -7 - -5 - (-4 - 2)?
4
(-5 - (-5 - (-3 + 0))) + 4
1
What is 0 + -4 - (5 - 8 - -4)?
-5
(-1 - -1) + 2 + -1 + 1
2
What is 2 + (5 - 6) - (4 + 0)?
-3
What is 3 + 4 + 0 + (-4 - 8)?
-5
2 + 1 - (7 + -9)
5
Evaluate (-26 - -14) + 25 + -5.
8
What is -1 + (3 - -2) + 0 - 0?
4
0 - -5 - (0 + 5 - 1)
1
What is -2 + 11 + -7 - -4?
6
What is the value of (-14 - -8) + 5 - -5?
4
-7 + 1 + -3 + 1 - -5
-3
Evaluate 2 + (-2 - -7 - 1 - 2).
4
Calculate -13 + 8 + (0 - 0).
-5
Calculate 1 + 0 - (-5 + 3 - -1).
2
Evaluate (-5 + 5 - 2) + 1 + 4.
3
Evaluate (5 - 6) + -2 + 2 + -2.
-3
-6 - (-3 + (11 - 10))
-4
Evaluate 9 + -3 + -4 + 1.
3
15 - 12 - (-5 - (-12 + 4))
0
Calculate (1 - (4 + -5) - 3) + -3.
-4
What is -1 + (-2 - (-5 + 4))?
-2
What is -4 + (2 + 8 - 5)?
1
What is the value of (1 - 0) + 1 - (4 - -2)?
-4
What is (13 - 18) + (0 - -1 - 1)?
-5
What is the value of 10 + -1 + (21 - 29)?
1
Calculate -1 - (1 - (1 - -3)).
2
What is (-1 + -2 - -3) + -5?
-5
What is -4 - (0 + -1 + 2 + -6)?
1
Calculate 6 - (16 - (-1 - -6)) - -1.
-4
What is the value of 5 + -3 + 0 + 3?
5
What is (3 + 2 + 0 - 4) + -4?
-3
What is 8 - (-3 - -14) - -5 - 9?
-7
What is (-7 - -3) + 3 - -6?
5
What is (-7 + 1 - -9) + -5?
-2
What is (-9 - (4 - 9)) + 6 + 0?
2
Evaluate (8 - 8) + (-1 + 7 - 1).
5
Calculate 4 - (6 + -2) - (0 + -3).
3
-4 + (-10 - (-5 + -2))
-7
What is the value of 5 - (-2 + -3 + 6 + 1)?
3
Evaluate 5 - 5 - (18 - 21).
3
Evaluate -3 - (-3 + (0 - (3 - 7))).
-4
Evaluate -6 + (0 - 6 - (-2 + -12)).
2
Calculate 4 + 3 - (-7 + 15).
-1
Evaluate (-7 - -3) + (8 - 2).
2
Calculate (0 - 4) + (-8 - -8).
-4
6 + -4 + -4 + -5
-7
Evaluate 1 + -4 + 9 + -2 + -8.
-4
Evaluate -14 + 15 + (-2 + 0 - -1).
0
Calculate 6 + 0 + 4 + -8.
2
What is -1 + 11 - (-110 - -112)?
8
0 + 0 - (-1 - -1)
0
Evaluate -2 + 4 + -3 + 1 + -5.
-5
What is the value of 3 - (7 - (-6 + 8))?
-2
-1 + 4 - (1 - -1)
1
1 - (5 - (-2 + 2))
-4
Calculate (0 - (-2 + (0 - 0))) + -7.
-5
What is 4 + (-13 - -4) + 7?
2
What is the value of (3 - -1) + -3 + 5?
6
What is -2 - ((-4 - (1 + -7)) + -2)?
-2
What is (0 - -6) + (-26 - -20)?
0
What is 2 - 2 - (-4 + 10 + -8)?
2
3 + (-3 - 0) + 3
3
Evaluate 0 + (-3 - (-2 + -4)).
3
Calculate (-7 - -4) + 9 - (1 - 1).
6
12 + -12 - (1 + -1 - 2)
2
(0 + 4 - 12) + 8 - 11
-11
Evaluate (20 - 17) + -4 + 2.
1
-6 + 1 + (-8 - (-11 - -1))
-3
Evaluate -4 - (1 - 5 - (5 - 8)).
-3
-8 + 1 - (-47 + 45) - -6
1
Evaluate -10 + -5 + 10 + 2.
-3
What is the value of 3 + 1 + (-1 - (1 + 5))?
-3
What is 0 - (-3 + 3) - (3 + -6)?
3
Evaluate -8 + (8 - 5) - (1 + -2).
-4
Evaluate 9 - 8 - (2 - 0).
-1
Calculate 9 - (-6 - (1 + -12)).
4
What is the value of 34 + -35 - (3 + 0)?
-4
Evaluate (1 - 8) + (-10 - (-4 + -8)).
-5
Calculate 7 + -11 + 5 + (0 - 2).
-1
Evaluate -4 - (4 - (0 - (-4 - 9))).
5
6 + (10 - 2 - 12)
2
What is the value of 5 + 3 - (0 + 3)?
5
What is the value of (2 - 6) + -1 + 8 - 9?
-6
Calculate 1 + -5 + (-2 - (-1 + -2)).
-3
Calculate 4 + (-5 - (1 - 3)).
1
2 + 9 + -8 - (-1 - -3)
1
(0 - 0) + (-2 - -3)
1
What is the value of (-2 - -1) + -3 + (-4 - -13)?
5
What is the value of (-8 - (3 - 6)) + -2?
-7
Calculate -5 + -1 - -2 - 0.
-4
What is (12 - 4) + (-16 - 1 - -1)?
-8
What is -6 + 0 + (12 - 12)?
-6
Evaluate -3 + 2 - -3 - (-6 + 5).
3
-6 + (4 - (1 + -6)) + 0
3
What is the value of -14 + 2 + 21 + -10?
-1
57 + -58 + (4 - 2)
1
Evaluate -2 + 3 - (-2 - (5 + -4)).
4
(-1 - 5) + 10 - 10
-6
What is -77 - -70 - (-17 + -2 + 3)?
9
What is (-7 -